{"id":5803,"date":"2024-01-30T10:43:37","date_gmt":"2024-01-30T09:43:37","guid":{"rendered":"http:\/\/promyczek.wbeskid.pl\/promyczek\/?page_id=5803"},"modified":"2025-03-23T12:46:11","modified_gmt":"2025-03-23T11:46:11","slug":"do-poczytania-2","status":"publish","type":"page","link":"http:\/\/promyczek-nowysacz.pl\/index.php\/do-poczytania-2\/","title":{"rendered":"Rozw\u00f3j dziecka"},"content":{"rendered":"\n<div class=\"wp-block-image\"><figure class=\"aligncenter size-large\"><img loading=\"lazy\" decoding=\"async\" width=\"376\" height=\"134\" src=\"http:\/\/promyczek-nowysacz.pl\/wp-content\/uploads\/2024\/04\/ab43056279c3873dc9196283f343032615f4b9e4.jpg\" alt=\"\" class=\"wp-image-6179\" srcset=\"http:\/\/promyczek-nowysacz.pl\/wp-content\/uploads\/2024\/04\/ab43056279c3873dc9196283f343032615f4b9e4.jpg 376w, http:\/\/promyczek-nowysacz.pl\/wp-content\/uploads\/2024\/04\/ab43056279c3873dc9196283f343032615f4b9e4-300x107.jpg 300w\" sizes=\"auto, (max-width: 376px) 100vw, 376px\" \/><\/figure><\/div>\n\n\n\n<p style=\"color:#0098fa\" class=\"has-text-color\">Zach\u0119camy wszystkich Rodzic\u00f3w do poczytania artyku\u0142\u00f3w, obejrzenia film\u00f3w edukacyjnych, kt\u00f3re zamieszczamy poni\u017cej. S\u0105 nie tylko ciekawe ale przede wszystkim zawieraj\u0105  cenne wskaz\u00f3wki wychowawcze zar\u00f3wno dla nas, nauczycieli jak i dla rodzic\u00f3w. Zapraszamy do lektury!<\/p>\n\n\n\n<p class=\"has-text-color has-luminous-vivid-orange-color\">POZNAJEMY EMOCJE- ksi\u0105\u017cki, po kt\u00f3re warto si\u0119gn\u0105\u0107.<\/p>\n\n\n\n<p><a href=\"https:\/\/youtu.be\/q3nNs2xvkcM?feature=shared\">https:\/\/youtu.be\/q3nNs2xvkcM?feature=shared<\/a><\/p>\n\n\n\n<p class=\"has-text-color has-vivid-green-cyan-color\">ROZW\u00d3J MOWY DZIECKA<\/p>\n\n\n\n<p><a href=\"https:\/\/youtu.be\/Rz-pKcrTIp4?si=OOgGnqUfn4EAtQ97\">https:\/\/youtu.be\/Rz-pKcrTIp4?si=OOgGnqUfn4EAtQ97<\/a><\/p>\n\n\n\n<p class=\"has-text-color has-medium-font-size has-vivid-purple-color\"><strong>&#8222;JAK MOTYWOWA\u0106 DZIECKO DO PRACY?&#8221;<\/strong><\/p>\n\n\n\n<p><a href=\"https:\/\/www.youtube.com\/watch?v=_tK5F8FgJjE\">https:\/\/www.youtube.com\/watch?v=_tK5F8FgJjE<\/a><\/p>\n\n\n\n<p class=\"has-text-color has-medium-font-size has-vivid-cyan-blue-color\"><strong>MAMO, TATO M\u00d3WCIE DO MNIE \ud83d\ude42<\/strong><\/p>\n\n\n\n<div class=\"wp-block-image\"><figure class=\"aligncenter size-large is-resized\"><img loading=\"lazy\" decoding=\"async\" src=\"http:\/\/promyczek-nowysacz.pl\/wp-content\/uploads\/2024\/04\/1669704173805.jpg\" alt=\"\" class=\"wp-image-6308\" width=\"501\" height=\"611\" srcset=\"http:\/\/promyczek-nowysacz.pl\/wp-content\/uploads\/2024\/04\/1669704173805.jpg 800w, http:\/\/promyczek-nowysacz.pl\/wp-content\/uploads\/2024\/04\/1669704173805-246x300.jpg 246w, http:\/\/promyczek-nowysacz.pl\/wp-content\/uploads\/2024\/04\/1669704173805-768x937.jpg 768w, http:\/\/promyczek-nowysacz.pl\/wp-content\/uploads\/2024\/04\/1669704173805-300x366.jpg 300w\" sizes=\"auto, (max-width: 501px) 100vw, 501px\" \/><\/figure><\/div>\n\n\n\n<p style=\"color:#00a399\" class=\"has-text-color has-medium-font-size\"><strong>&#8222;CZAS RODZICA Z DZIECKIEM.&#8221;<\/strong><\/p>\n\n\n\n<p><a href=\"https:\/\/www.edukacja.edux.pl\/p-45919-czas-zabawy-rodzica-z-dzieckiem.php\">https:\/\/www.edukacja.edux.pl\/p-45919-czas-zabawy-rodzica-z-dzieckiem.php<\/a><\/p>\n\n\n\n<p class=\"has-text-color has-medium-font-size has-luminous-vivid-orange-color\"><strong>&#8222;O KONCENTRACJI UWAGI U DZIECI.&#8221;<\/strong><\/p>\n\n\n\n<p><a href=\"https:\/\/przedszkolebajka.edu.pl\/wp-content\/uploads\/2021\/04\/o-koncentracji-uwagi-u-dzieci-231-1360.pdf\">https:\/\/przedszkolebajka.edu.pl\/wp-content\/uploads\/2021\/04\/o-koncentracji-uwagi-u-dzieci-231-1360.pdf<\/a><\/p>\n\n\n\n<figure class=\"wp-block-image size-large is-resized\"><img loading=\"lazy\" decoding=\"async\" src=\"http:\/\/promyczek-nowysacz.pl\/wp-content\/uploads\/2024\/04\/7_ZASAKAKUJ\u0104CYCH-PORAD_JAK-\u0106WICZY\u0106-KONCENTRACJ\u0118-1.png\" alt=\"\" class=\"wp-image-6204\" width=\"354\" height=\"501\" srcset=\"http:\/\/promyczek-nowysacz.pl\/wp-content\/uploads\/2024\/04\/7_ZASAKAKUJ\u0104CYCH-PORAD_JAK-\u0106WICZY\u0106-KONCENTRACJ\u0118-1.png 596w, http:\/\/promyczek-nowysacz.pl\/wp-content\/uploads\/2024\/04\/7_ZASAKAKUJ\u0104CYCH-PORAD_JAK-\u0106WICZY\u0106-KONCENTRACJ\u0118-1-212x300.png 212w, http:\/\/promyczek-nowysacz.pl\/wp-content\/uploads\/2024\/04\/7_ZASAKAKUJ\u0104CYCH-PORAD_JAK-\u0106WICZY\u0106-KONCENTRACJ\u0118-1-300x424.png 300w\" sizes=\"auto, (max-width: 354px) 100vw, 354px\" \/><\/figure>\n\n\n\n<figure class=\"wp-block-embed-youtube wp-block-embed is-type-video is-provider-youtube wp-embed-aspect-16-9 wp-has-aspect-ratio\"><div class=\"wp-block-embed__wrapper\">\n<iframe loading=\"lazy\" title=\"Jak wspiera\u0107 koncentracj\u0119 uwagi u dzieci? Wskaz\u00f3wki i \u0107wiczenia.\" width=\"640\" height=\"360\" src=\"https:\/\/www.youtube.com\/embed\/1_6WnYLkb7A?feature=oembed\" frameborder=\"0\" allow=\"accelerometer; autoplay; clipboard-write; encrypted-media; gyroscope; picture-in-picture; web-share\" referrerpolicy=\"strict-origin-when-cross-origin\" allowfullscreen><\/iframe>\n<\/div><\/figure>\n\n\n\n<p class=\"has-text-color has-pale-pink-color\"><strong>&#8222;ROZWIJANIE SAMODZIELNO\u015aCI U  DZIECI W WIEKU PRZEDSZKOLNYM.&#8221;<\/strong><\/p>\n\n\n\n<p>1.<a href=\"https:\/\/cloud-9.edupage.org\/cloud\/Rozwijanie_samodzielnosci_u_dziecka_w_wieku_przedszkolnym.pdf?z%3AsS7iGTZp1CezbSpg2WJX2OREMmdzmdQKTiaHTXgXu2Uvpe6NkH0X4Wdh72zlq8nP\">https:\/\/cloud-9.edupage.org\/cloud\/Rozwijanie_samodzielnosci_u_dziecka_w_wieku_przedszkolnym.pdf?z%3AsS7iGTZp1CezbSpg2WJX2OREMmdzmdQKTiaHTXgXu2Uvpe6NkH0X4Wdh72zlq8nP<\/a><\/p>\n\n\n\n<p>2.<a href=\"https:\/\/ipm3kutno.wikom.pl\/uploads\/5e28c152679e6\/pages\/20\/content\/samodzielno%C5%9B%C4%87%20dzieci%20w%20wieku%20przedszkolnym.pdf\">https:\/\/ipm3kutno.wikom.pl\/uploads\/5e28c152679e6\/pages\/20\/content\/samodzielno%C5%9B%C4%87%20dzieci%20w%20wieku%20przedszkolnym.pdf<\/a><\/p>\n\n\n\n<p class=\"has-text-color has-vivid-red-color\"><strong>\u0106WICZENIA LEWEJ P\u00d3\u0141KULI M\u00d3ZGU- CZYLI JAK USPRAWNI\u0106 MOW\u0118 DZIECKA.<\/strong><\/p>\n\n\n\n<div class=\"wp-block-file\"><a href=\"http:\/\/promyczek-nowysacz.pl\/wp-content\/uploads\/2024\/04\/cwiczenia-lewopolkulowe.pdf\">cwiczenia-lewopolkulowe<\/a><a href=\"http:\/\/promyczek-nowysacz.pl\/wp-content\/uploads\/2024\/04\/cwiczenia-lewopolkulowe.pdf\" class=\"wp-block-file__button\" download>Pobierz<\/a><\/div>\n\n\n\n<p class=\"has-text-color has-luminous-vivid-amber-color\">&#8221; <strong>RODZICU,NIE ZAGUB DZIECKA W SIECI !<\/strong>&#8222;<\/p>\n\n\n\n<div class=\"wp-block-image\"><figure class=\"aligncenter size-large is-resized\"><img loading=\"lazy\" decoding=\"async\" src=\"http:\/\/promyczek-nowysacz.pl\/wp-content\/uploads\/2024\/04\/unnamed.png\" alt=\"\" class=\"wp-image-6184\" width=\"370\" height=\"219\" srcset=\"http:\/\/promyczek-nowysacz.pl\/wp-content\/uploads\/2024\/04\/unnamed.png 512w, http:\/\/promyczek-nowysacz.pl\/wp-content\/uploads\/2024\/04\/unnamed-300x178.png 300w\" sizes=\"auto, (max-width: 370px) 100vw, 370px\" \/><\/figure><\/div>\n\n\n\n<p><strong>Bajka edukacyjna<\/strong>: <a href=\"https:\/\/www.youtube.com\/watch?v=Iai4XRxyNgs\">https:\/\/www.youtube.com\/watch?v=Iai4XRxyNgs<\/a><\/p>\n\n\n\n<p class=\"has-text-color has-luminous-vivid-amber-color\"><strong>10 PORAD BEZPIECZNEGO WPROWADZANIA DZIECKA W \u015aWIAT INTERNETU:<\/strong><\/p>\n\n\n\n<p>1. B\u0105d\u017a pierwsz\u0105 osob\u0105, kt\u00f3ra zapozna dziecko z Internetem. Odkrywajcie wsp\u00f3lnie jego zasoby. Spr\u00f3bujcie znale\u017a\u0107 strony, kt\u00f3re mog\u0105 zainteresowa\u0107 Wasze pociechy, a nast\u0119pnie zr\u00f3bcie list\u0119 przyjaznych im stron. Je\u015bli Wasze dziecko sprawniej ni\u017c Wy porusza si\u0119 po Sieci, nie zra\u017cajcie si\u0119 \u2013 popro\u015bcie, by by\u0142o Waszym przewodnikiem po wirtualnym \u015bwiecie. <strong>Pobierz bezp\u0142atn\u0105 aplikacj\u0119 edukacyjn\u0105 &#8222;Necio&#8221; <\/strong>i towarzysz dziecku w poznawaniu \u015bwiata aplikacji mobilnych. Korzystaj z aplikacji wsp\u00f3lnie z dzieckiem. Wykorzystuj pojawiaj\u0105ce si\u0119 ilustracje oraz rymowanki do rozmowy z dzieckiem na temat r\u00f3\u017cnych mo\u017cliwo\u015bci, jakie daje internet oraz urz\u0105dzenia mobilne.<\/p>\n\n\n\n<p><strong>2. Naucz dziecko podstawowych zasad bezpiecze\u0144stwa w Internecie.<\/strong><br><br>Uczul dziecko na niebezpiecze\u0144stwa zwi\u0105zane z nawi\u0105zywaniem nowych znajomo\u015bci w Internecie. Podkre\u015bl, \u017ce nie mo\u017cna ufa\u0107 osobom poznanym w Sieci, ani te\u017c wierzy\u0107 we wszystko co o sobie m\u00f3wi\u0105. Ostrze\u017c dziecko przed lud\u017ami, kt\u00f3rzy mog\u0105 chcie\u0107 zrobi\u0107 im krzywd\u0119. Rozmawiaj z dzieckiem o zagro\u017ceniach czyhaj\u0105cych w Internecie i sposobach ich unikania.<\/p>\n\n\n\n<p><strong>3. Rozmawiaj z dzie\u0107mi o ryzyku umawiania si\u0119 na spotkania z osobami poznanymi w Sieci.<\/strong><\/p>\n\n\n\n<p>Doro\u015bli powinni zrozumie\u0107, \u017ce dzi\u0119ki Internetowi dzieci mog\u0105 nawi\u0105zywa\u0107 przyja\u017anie. Jednak\u017ce spotykanie si\u0119 z nieznajomymi poznanymi w Sieci mo\u017ce okaza\u0107 si\u0119 bardzo niebezpieczne. Dzieci musz\u0105 mie\u0107 \u015bwiadomo\u015b\u0107, \u017ce mog\u0105 spotyka\u0107 si\u0119 z nieznajomymi wy\u0142\u0105cznie po uzyskanej zgodzie rodzic\u00f3w i zawsze w towarzystwie doros\u0142ych lub przyjaci\u00f3\u0142.<\/p>\n\n\n\n<p><strong>4. Naucz swoje dziecko ostro\u017cno\u015bci przy podawaniu swoich prywatnych danych.<\/strong><\/p>\n\n\n\n<p>Dost\u0119p do wielu stron internetowych przeznaczonych dla najm\u0142odszych wymaga podania prywatnych danych. Wa\u017cne jest, aby dziecko wiedzia\u0142o, \u017ce podaj\u0105c takie informacje, zawsze musi zapyta\u0107 o zgod\u0119 swoich rodzic\u00f3w. Dziecko powinno zdawa\u0107 sobie spraw\u0119 z niebezpiecze\u0144stw, jakie mo\u017ce przynie\u015b\u0107 podanie swoich danych osobowych. Ustal z nim, \u017ceby nigdy nie podawa\u0142o przypadkowym osobom swojego imienia, nazwiska, adresu i numeru telefonu.<\/p>\n\n\n\n<p><strong>5. Naucz dziecko krytycznego podej\u015bcia do informacji przeczytanych w Sieci.<\/strong><\/p>\n\n\n\n<p>Wiele dzieci u\u017cywa Internetu w celu rozwini\u0119cia swoich zainteresowa\u0144 i rozszerzenia wiedzy potrzebnej w szkole. Mali internauci powinni by\u0107 jednak \u015bwiadomi, \u017ce nie wszystkie znalezione w Sieci informacje s\u0105 wiarygodne. Naucz dziecko, \u017ce trzeba weryfikowa\u0107 znalezione w Internecie tre\u015bci, korzystaj\u0105c z innych dost\u0119pnych \u017ar\u00f3de\u0142 (encyklopedie, ksi\u0105\u017cki, s\u0142owniki).<\/p>\n\n\n\n<p><strong>6 . B\u0105d\u017a wyrozumia\u0142y dla swojego dziecka.<\/strong><\/p>\n\n\n\n<p>Cz\u0119sto zdarza si\u0119, \u017ce dzieci przypadkowo znajduj\u0105 si\u0119 na stronach adresowanych do doros\u0142ych. Bywa, \u017ce w obawie przed kar\u0105, boj\u0105 si\u0119 do tego przyzna\u0107. Wa\u017cne jest, \u017ceby dziecko Ci ufa\u0142o i m\u00f3wi\u0142o o tego typu sytuacjach; by wiedzia\u0142o, \u017ce zawsze kiedy poczuje si\u0119 niezr\u0119cznie,co\u015b je zawstydzi lub przestraszy, mo\u017ce si\u0119 do Ciebie zwr\u00f3ci\u0107.<\/p>\n\n\n\n<p><strong>7. Zg\u0142aszaj nielegalne i szkodliwe tre\u015bci.<\/strong><\/p>\n\n\n\n<p>Wszyscy musimy wzi\u0105\u0107 odpowiedzialno\u015b\u0107 za niew\u0142a\u015bciwe czy nielegalne tre\u015bci w Internecie. Nasze dzia\u0142ania w tym wzgl\u0119dzie pomog\u0105 likwidowa\u0107 np. zjawisko pornografii dzieci\u0119cej szerz\u0105ce si\u0119 przy u\u017cyciu stron internetowych, chat\u00f3w, e-maila itp. Nielegalne tre\u015bci mo\u017cna zg\u0142asza\u0107 na policj\u0119 lub do wsp\u00f3\u0142pracuj\u0105cego z ni\u0105 punktu kontaktowego ds. zwalczania nielegalnych tre\u015bci w Internecie \u2013 Hotline\u2019u (www.dyzurnet.pl). Hotline kooperuje r\u00f3wnie\u017c z operatorami telekomunikacyjnymi i serwisami internetowymi w celu doprowadzenia do usuni\u0119cia nielegalnych materia\u0142\u00f3w z Sieci.<\/p>\n\n\n\n<p><strong>8. Zapoznaj dziecko z NETYKIET\u0104 &#8211; Kodeksem Dobrego Zachowania w Internecie.<\/strong><\/p>\n\n\n\n<p>Przypominaj dzieciom o zasadach dobrego wychowania. W ka\u017cdej dziedzinie naszego \u017cycia, podobnie wi\u0119c w Internecie obowi\u0105zuj\u0105 takie regu\u0142y: powinno si\u0119 by\u0107 mi\u0142ym, u\u017cywa\u0107 odpowiedniego s\u0142ownictwa itp. (zasady Netykiety znajdziesz na stronie <a href=\"http:\/\/www.sieciaki.pl\/\">www.sieciaki.pl<\/a>). Twoje dzieci powinny je pozna\u0107 (nie wolno czyta\u0107 nie swoich e-maili, kopiowa\u0107 zastrze\u017conych materia\u0142\u00f3w, itp.).<\/p>\n\n\n\n<p><strong>9. Poznaj sposoby korzystania z Internetu przez Twoje dziecko.<\/strong><\/p>\n\n\n\n<p>Przyjrzyj si\u0119, jak Twoje dziecko korzysta z Internetu, jakie strony lubi ogl\u0105da\u0107 i jak zachowuje si\u0119 w Sieci. Staraj si\u0119 pozna\u0107 znajomych, z kt\u00f3rymi dziecko koresponduje za po\u015brednictwem Internetu. Ustalcie zasady korzystania z Sieci oraz sposoby post\u0119powania w razie nietypowych sytuacji.<\/p>\n\n\n\n<p><strong>10. Pami\u0119taj, \u017ce pozytywne strony Internetu przewa\u017caj\u0105 nad jego negatywnymi stronami.<\/strong><\/p>\n\n\n\n<p>Internet jest doskona\u0142ym \u017ar\u00f3d\u0142em wiedzy, jak r\u00f3wnie\u017c dostarczycielem rozrywki. Pozw\u00f3l swojemu dziecku w \u015bwiadomy i bezpieczny spos\u00f3b w pe\u0142ni korzysta\u0107 z oferowanego przez Sie\u0107 bogactwa.<\/p>\n\n\n\n<p><strong>*Projekty edukacyjne dla dzieci, po\u015bwi\u0119cone bezpiecznemu korzystaniu z internetu:<\/strong><\/p>\n\n\n\n<p><em><strong>Sieciaki.pl<\/strong><\/em>&#8211; projekt edukacyjny skierowany do dzieci w wieku 6-12 lat.<\/p>\n\n\n\n<p><em><strong>Necio.pl<\/strong><\/em>&#8211; projekt edukacyjny skierowany do dzieci w wieku 4-6 lat.<\/p>\n\n\n\n<p class=\"has-text-color has-vivid-purple-color\"><\/p>\n\n\n\n<p><\/p>\n\n\n\n<p><\/p>\n","protected":false},"excerpt":{"rendered":"<p>Zach\u0119camy wszystkich Rodzic\u00f3w do poczytania artyku\u0142\u00f3w, obejrzenia film\u00f3w edukacyjnych, kt\u00f3re zamieszczamy poni\u017cej. S\u0105 nie tylko ciekawe ale przede wszystkim zawieraj\u0105 cenne wskaz\u00f3wki wychowawcze zar\u00f3wno dla nas, nauczycieli jak i dla rodzic\u00f3w. Zapraszamy do lektury! POZNAJEMY EMOCJE- ksi\u0105\u017cki, po kt\u00f3re warto si\u0119gn\u0105\u0107. https:\/\/youtu.be\/q3nNs2xvkcM?feature=shared ROZW\u00d3J MOWY DZIECKA https:\/\/youtu.be\/Rz-pKcrTIp4?si=OOgGnqUfn4EAtQ97 &#8222;JAK MOTYWOWA\u0106 DZIECKO DO PRACY?&#8221; https:\/\/www.youtube.com\/watch?v=_tK5F8FgJjE MAMO, TATO M\u00d3WCIE&#8230;<\/p>\n","protected":false},"author":1,"featured_media":0,"parent":0,"menu_order":0,"comment_status":"closed","ping_status":"closed","template":"","meta":{"footnotes":""},"class_list":["post-5803","page","type-page","status-publish","hentry"],"_links":{"self":[{"href":"http:\/\/promyczek-nowysacz.pl\/index.php\/wp-json\/wp\/v2\/pages\/5803","targetHints":{"allow":["GET"]}}],"collection":[{"href":"http:\/\/promyczek-nowysacz.pl\/index.php\/wp-json\/wp\/v2\/pages"}],"about":[{"href":"http:\/\/promyczek-nowysacz.pl\/index.php\/wp-json\/wp\/v2\/types\/page"}],"author":[{"embeddable":true,"href":"http:\/\/promyczek-nowysacz.pl\/index.php\/wp-json\/wp\/v2\/users\/1"}],"replies":[{"embeddable":true,"href":"http:\/\/promyczek-nowysacz.pl\/index.php\/wp-json\/wp\/v2\/comments?post=5803"}],"version-history":[{"count":37,"href":"http:\/\/promyczek-nowysacz.pl\/index.php\/wp-json\/wp\/v2\/pages\/5803\/revisions"}],"predecessor-version":[{"id":10828,"href":"http:\/\/promyczek-nowysacz.pl\/index.php\/wp-json\/wp\/v2\/pages\/5803\/revisions\/10828"}],"wp:attachment":[{"href":"http:\/\/promyczek-nowysacz.pl\/index.php\/wp-json\/wp\/v2\/media?parent=5803"}],"curies":[{"name":"wp","href":"https:\/\/api.w.org\/{rel}","templated":true}]}}