{"id":6286,"date":"2024-04-24T12:12:37","date_gmt":"2024-04-24T10:12:37","guid":{"rendered":"http:\/\/promyczek-nowysacz.pl\/?page_id=6286"},"modified":"2024-04-24T12:24:53","modified_gmt":"2024-04-24T10:24:53","slug":"promyczkowy-konkurs-recytatorski","status":"publish","type":"page","link":"http:\/\/promyczek-nowysacz.pl\/index.php\/promyczkowy-konkurs-recytatorski\/","title":{"rendered":"PROMYCZKOWY KONKURS RECYTATORSKI"},"content":{"rendered":"\n<div class=\"wp-block-image\"><figure class=\"aligncenter size-large is-resized\"><img loading=\"lazy\" decoding=\"async\" src=\"http:\/\/promyczek-nowysacz.pl\/wp-content\/uploads\/2024\/04\/IMG_20240423_103608-1024x766.jpg\" alt=\"\" class=\"wp-image-6291\" width=\"506\" height=\"378\" srcset=\"http:\/\/promyczek-nowysacz.pl\/wp-content\/uploads\/2024\/04\/IMG_20240423_103608-1024x766.jpg 1024w, http:\/\/promyczek-nowysacz.pl\/wp-content\/uploads\/2024\/04\/IMG_20240423_103608-300x224.jpg 300w, http:\/\/promyczek-nowysacz.pl\/wp-content\/uploads\/2024\/04\/IMG_20240423_103608-768x574.jpg 768w, http:\/\/promyczek-nowysacz.pl\/wp-content\/uploads\/2024\/04\/IMG_20240423_103608-1536x1149.jpg 1536w, http:\/\/promyczek-nowysacz.pl\/wp-content\/uploads\/2024\/04\/IMG_20240423_103608-2048x1532.jpg 2048w, http:\/\/promyczek-nowysacz.pl\/wp-content\/uploads\/2024\/04\/IMG_20240423_103608-850x636.jpg 850w\" sizes=\"auto, (max-width: 506px) 100vw, 506px\" \/><\/figure><\/div>\n\n\n\n<p class=\"has-text-color has-text-align-center has-vivid-purple-color\">Dnia 23.04.2024r. odby\u0142 si\u0119 w naszym przedszkolu <strong>Konkurs Recytatorski. <\/strong>Jego celem by\u0142o uwra\u017cliwienie dzieci na pi\u0119kno j\u0119zyka literackiego, zaprezentowanie zdolno\u015bci recytatorskich oraz prze\u0142amywanie nie\u015bmia\u0142o\u015bci w publicznych wyst\u0105pieniach. M\u0142odzi arty\u015bci pi\u0119knie zaprezentowali wiersze autor\u00f3w polskich a ich stroje oraz rekwizyty przenios\u0142y publiczno\u015b\u0107 w kolorowy dzieci\u0119cy \u015bwiat.<\/p>\n","protected":false},"excerpt":{"rendered":"<p>Dnia 23.04.2024r. odby\u0142 si\u0119 w naszym przedszkolu Konkurs Recytatorski. Jego celem by\u0142o uwra\u017cliwienie dzieci na pi\u0119kno j\u0119zyka literackiego, zaprezentowanie zdolno\u015bci recytatorskich oraz prze\u0142amywanie nie\u015bmia\u0142o\u015bci w publicznych wyst\u0105pieniach. M\u0142odzi arty\u015bci pi\u0119knie zaprezentowali wiersze autor\u00f3w polskich a ich stroje oraz rekwizyty przenios\u0142y publiczno\u015b\u0107 w kolorowy dzieci\u0119cy \u015bwiat.<\/p>\n","protected":false},"author":2,"featured_media":6290,"parent":0,"menu_order":0,"comment_status":"closed","ping_status":"closed","template":"","meta":{"footnotes":""},"class_list":["post-6286","page","type-page","status-publish","has-post-thumbnail","hentry"],"_links":{"self":[{"href":"http:\/\/promyczek-nowysacz.pl\/index.php\/wp-json\/wp\/v2\/pages\/6286","targetHints":{"allow":["GET"]}}],"collection":[{"href":"http:\/\/promyczek-nowysacz.pl\/index.php\/wp-json\/wp\/v2\/pages"}],"about":[{"href":"http:\/\/promyczek-nowysacz.pl\/index.php\/wp-json\/wp\/v2\/types\/page"}],"author":[{"embeddable":true,"href":"http:\/\/promyczek-nowysacz.pl\/index.php\/wp-json\/wp\/v2\/users\/2"}],"replies":[{"embeddable":true,"href":"http:\/\/promyczek-nowysacz.pl\/index.php\/wp-json\/wp\/v2\/comments?post=6286"}],"version-history":[{"count":4,"href":"http:\/\/promyczek-nowysacz.pl\/index.php\/wp-json\/wp\/v2\/pages\/6286\/revisions"}],"predecessor-version":[{"id":6293,"href":"http:\/\/promyczek-nowysacz.pl\/index.php\/wp-json\/wp\/v2\/pages\/6286\/revisions\/6293"}],"wp:featuredmedia":[{"embeddable":true,"href":"http:\/\/promyczek-nowysacz.pl\/index.php\/wp-json\/wp\/v2\/media\/6290"}],"wp:attachment":[{"href":"http:\/\/promyczek-nowysacz.pl\/index.php\/wp-json\/wp\/v2\/media?parent=6286"}],"curies":[{"name":"wp","href":"https:\/\/api.w.org\/{rel}","templated":true}]}}